Is i a composite number?
False
Let t(p) be the first derivative of -37*p**3/3 - p**2/2 + 4. Let a be t(-4). Is 2/(a/596 + 1) a composite number?
False
Let w(a) = 6*a**2 + 25*a + 98. Is w(-13) prime?
True
Let m be 27/18 + 2/(-4). Let t(n) = 263*n - 6. Is t(m) prime?
True
Let c(k) = -k + 5. Let g(r) = r**3 - r**2 + r. Let p be g(0). Let u be c(p). Is 46/(-4)*(3 - u) a composite number?
False
Let j = 5360 + -1119. Is j composite?
False
Suppose 4*a = -a + 15. Let v(r) = -r**2 + 2*r + 3. Let q be v(a). Suppose 110 = 2*z - q*z. Is z composite?
True
Suppose 0 = 41*h - 12*h - 13021. Is h prime?
True
Suppose -6 = -k - 3. Let w(g) = -2 + 2*g**2 + g + 0 - k - 8*g. Is w(-4) composite?
True
Let m(a) = a**3 + 5*a**2 + 5*a + 4. Let x be m(-4). Suppose -3*r - 9603 = -3*q - x*q, 0 = q - 3*r - 3205. Is q a prime number?
False
Suppose 11138 = 7*h - 545. Is h a prime number?
True
Suppose 0 = -a + 2*g + 53147, -a - 4*g + 27317 = -25830. Is a a composite number?
False
Let u be (-381)/(-2) - 2/(-4). Let n = -30 - -33. Suppose -2*r - u = -n*r. Is r composite?
False
Suppose 4*o + 40 = -o. Let c be (2/6)/(o/24). Is 252 - (2 - c - 2) a prime number?
True
Let p(k) = k**2 + 4*k - 12. Let t be p(-6). Suppose 0 = -3*g + 3*u + 15, -5*g - 5*u - 2 + 7 = t. Is g a composite number?
False
Let x = 12 - 11. Suppose -z - t - x = -2*z, -3*t = -2*z + 3. Suppose -329 = -7*p - z*p. Is p prime?
True
Suppose 0 = l - 349 + 246. Is l a composite number?
False
Suppose -49*u = -56*u + 1309. Is u a prime number?
False
Suppose -r - 75 = -5*x - 2*r, 4*x - 2*r - 60 = 0. Suppose 4*t = y - x, -2*y + t - 35 = -3*y. Is y prime?
True
Suppose 9*o - 53471 = -4430. Is o a composite number?
False
Suppose 2*y - 11817 = 4223. Suppose -c + y = 3*c. Suppose 0 = -4*t + c - 369. Is t a prime number?
True
Suppose -17 = 6*o + 79. Let m = o - 18. Let c = 301 + m. Is c a prime number?
False
Suppose 0*f + 3*f - 207 = 0. Let x = -83 - -67. Let b = f + x. Is b composite?
False
Suppose 9037 = 4*d - 3*d - 4*q, d + 3*q = 9023. Is d composite?
False
Suppose -2*a = 2*g - g - 8, -5*g = 4*a - 16. Suppose 3*h = -4*d + 7241, -d + a*h + 1296 = -519. Is d a composite number?
False
Suppose 5*r - 4*m + 9 = -0*r, -r + 15 = -5*m. Let f(a) = -18*a - 13. Is f(r) composite?
True
Suppose g - 5187 = -2*u, -8*g + 5*g + 5*u + 15605 = 0. Suppose 3*b + 0*b + r = g, -r - 5203 = -3*b. Is b a prime number?
True
Let p = 2 + 3. Suppose -f - 1031 = -p*b + 9601, -2*f + 10641 = 5*b. Suppose a = 2*m + 945, -5*a + 2634 = -m - b. Is a composite?
False
Let q(g) = 107*g**2 - 36*g - 37. Is q(14) a composite number?
False
Suppose 6419 = d - 3*x + 2026, 0 = -5*d + x + 21993. Is d a composite number?
True
Let x be (-18)/(-12) + (-2)/(-4). Suppose 5*s = q + 1, 6*q = x*q + 2*s + 68. Is q prime?
True
Let g(b) be the first derivative of b**3/3 - 5*b**2/2 + 7*b - 2. Let j(h) = -h**3 - 7*h**2 + 5*h - 17. Let s be j(-8). Is g(s) a prime number?
False
Suppose 11294 = 12*v - 32902. Is v a prime number?
False
Suppose 4*n - 8 = -0*n. Let v = 1665 + -763. Suppose n*q + 268 = v. Is q prime?
True
Suppose 4*o + 3792 = -5*q + 3*o, -o - 2 = 0. Is (1 + -2)/((-1515)/q - 2) prime?
False
Let u(a) = -283*a - 187. Is u(-3) composite?
True
Is 54/(-2 - -8) - 5 - -1557 prime?
False
Suppose p - 217835 = -18*p. Is p a prime number?
False
Let o(y) = -725*y**3 + 2*y**2 + 12*y - 4. Is o(-3) prime?
True
Let h(v) = 5*v**2 + 4*v + 11. Let p be h(-10). Suppose -p - 929 = -5*x. Let i = x - 193. Is i a composite number?
True
Let z be ((-20)/(-8))/((-5)/(-4)). Suppose 0 = 2*a - 2*v - 478, -5*v - 8 = z. Is a a prime number?
False
Let x(h) = 14*h**2 + 28*h + 53. Is x(19) a prime number?
True
Let v be (-164)/(-6)*(3 + 3). Let h = -878 + v. Is (20/60)/((-2)/h) prime?
False
Let h(y) = 2*y**3 - 2*y**2 + 12*y - 16. Let v(s) = -s**3 + s**2 + 1. Let c(a) = -h(a) - 3*v(a). Is c(6) composite?
True
Let w(x) = -x**2 + 25*x + 10. Let p be w(19). Suppose 5*v - p = v. Is v a composite number?
False
Let u be (-2 - 0) + -2 + 4449. Suppose -5*b = u - 195. Let x = 1243 + b. Is x prime?
False
Let r = -23 + 25. Suppose 2*w - 2216 = -5*g - w, -899 = -r*g + 3*w. Is g a prime number?
False
Let z = -9853 + 15938. Is z a composite number?
True
Is (17 - (9 + 3)) + (-4698)/(-1) a composite number?
False
Suppose -23*n = -430980 + 156889. Is n a composite number?
True
Let v = -103 - -185. Suppose 3*t - 391 + v = 0. Is t composite?
False
Suppose 0 = -y + 2*y. Let u be (3 + -166)*(-2 - -1). Suppose 44 = -l + 2*r + u, r - 4 = y. Is l a prime number?
True
Suppose 2*m - 52974 = -4*d, 0 = 5*d - 8*d + 3*m + 39708. Is d a prime number?
True
Let y = 3777 - 1016. Is y a composite number?
True
Suppose 0 = 2*g + 4*q - 34752, -3*g - 3*q + 13779 = -38355. Suppose g = 7*a - 3613. Is a a composite number?
False
Let h = -8402 - -15505. Is h a prime number?
True
Let s(y) = 209*y + 14. Let h(d) = -1. Let w(q) = -6*h(q) + s(q). Let o be w(11). Suppose -3003 - o = -6*g. Is g a composite number?
False
Suppose 2*z = -4*w + z + 229031, -2*z + 229026 = 4*w. Is w prime?
True
Suppose 0 = -10*v + 9*v + 508. Suppose -3217 = -5*h + v. Is h prime?
False
Suppose 4*h + 432 = -4*b, 320 = -0*h - 3*h + b. Let t = 42 - h. Is t prime?
True
Suppose 0 = 2*c + 183 + 849. Let k = c + 1877. Is k a composite number?
False
Let b(a) = -1358*a**3 + 2*a + 3. Let j(o) = 1357*o**3 - 3*o - 4. Let g(r) = 3*b(r) + 2*j(r). Is g(-1) prime?
True
Suppose 40*j + 29590 = 1572990. Is j composite?
True
Let l(i) = -5*i - 6. Let o be l(3). Let w = 41 + o. Let k = w + 1. Is k a composite number?
True
Let v = 522 - 318. Suppose s - 13 = -2*r, -2*s + 17 = 3*r - s. Suppose 0 = -0*w + r*w - v. Is w a prime number?
False
Let y(k) = 9*k**2 - 15*k - 59. Is y(-13) composite?
False
Let g(b) = 10*b**2 - b - 89. Is g(-12) prime?
False
Let b(x) = -2*x - 1 + 8*x**2 + 10*x**2 + 9*x**2. Let p = 424 - 422. Is b(p) composite?
False
Let r(u) be the first derivative of -17*u**3/3 - 17*u**2/2 - 3*u - 5. Let k(q) = -11*q**2 - 11*q - 2. Let g(i) = -8*k(i) + 5*r(i). Is g(6) a prime number?
True
Suppose -3*s - 47 = 2*s + m, -5*s + 2*m - 41 = 0. Let o = 13 + s. Suppose -4*y + 211 = o*g - 3*y, -y = g - 52. Is g composite?
False
Suppose -3*z = -3*q + 15, 4*z + 7 = -9. Let v(l) = -l**2 - 7*l - 7. Let w be v(-5). Is 438*q*w/9 prime?
False
Suppose -6 = -4*h + 6. Suppose -4*o = h*r + r - 1348, -4*o - 357 = -r. Is r a prime number?
False
Let s = 83730 + -45227. Is s a composite number?
True
Let t(d) = d**3 + 5*d**2 - 6*d + 8. Let g be t(-6). Let z = g - 4. Suppose z*a = -r + 567, 3*r = 3*a + r - 417. Is a a composite number?
True
Let j(y) = 2*y**2 - 19*y - 17. Let p be j(18). Let f = 1308 + p. Is f prime?
True
Let w(f) = -3*f - 25. Let x be w(-10). Suppose 3*z = 2*z - x*u + 6128, -2*z - 4*u = -12274. Is z composite?
False
Let n(j) = j**3 + j**2 - 5*j + 1. Let c be n(-3). Is (-1)/((c/(-9220))/(7/(-14))) prime?
False
Suppose y - 2*j = 459, -4*j - 90 = -4*y + 1762. Is y a composite number?
False
Suppose 116 = 4*o + 728. Let f be 9142/9 + (-34)/o. Is (3/(-6))/((-4)/f) a composite number?
False
Let p be (4/6)/(((-9)/3)/7929). Let u = p - -3599. Is u prime?
False
Let s(l) = l**2 - 6*l - 24. Let i be s(-3). Suppose -5*n + i*u = -3*n - 2275, 3*u - 1124 = -n. Is n a prime number?
False
Let c(v) = -301*v + 2. Let f be (-2 + 9/(-3))*1. Is c(f) a composite number?
True
Suppose 0 = 145*d - 143*d - 18118. Is d a prime number?
True
Let k = 29 + -34. Let j(a) be the second derivative of 13*a**4/12 + a**3/3 + 2*a**2 + 2*a. Is j(k) prime?
False
Suppose 1503 = 4*q - 869. Let s = -258 + q. Is s a prime number?
False
Suppose -61 = -4*z - 3*l - 15, -3*z = 2*l - 34. Suppose -5*p + z*p = -5*o + 1265, p + 5*o = 269. Is p a prime number?
False
Suppose 3*h = -h + 404. Let y = 638 - h. Suppose 6*o - 3*o - y = 0. Is o a composite number?
False
Let f be (34 + -6)*(-1)/(-4) + -2. Suppose -69 + 2569 = f*u + 5*g, 5*u - 2*g - 2521 = 0. Is u a prime number?
True
Suppose 3*j + 0*j = -4*j. Suppose -16*a + 22*a - 15486 = j. Is a a prime number?
False
Let s be (-17 - 0) + 4/4. Let y = 19 + s. Suppose 0 = y*w - 2*w - 479. Is w a composite number?
False
Suppose b = 10 - 25. Let a be b/(-10) - (-2)/4. Is (a - -2) + 628 + 1 prime?
False
Let r = -607 + 1416. Is r a composite number?
False
Let s(u) = 1523*u**3 - 2*u**2 + 2*u - 1. Is s(1) prime?
False
Let p =